 0/((-72)/9). Suppose i*v - 5*v = -216. Suppose -x = -2*x + 12. What is the highest common divisor of x and v?
12
Let t be 1/(-2)*(-18 + 12). Suppose 4 = g - t. Suppose 1136 = g*z + 121. What is the highest common divisor of 58 and z?
29
Suppose 102*z - 751 = 6250 + 7687. Suppose 4*w - w = 288. What is the highest common divisor of w and z?
48
Let w(a) = 3*a**3 + 20*a**2 + 114*a + 850. Let n be w(-7). Let c be (-1)/1*1 - -4. Calculate the greatest common divisor of c and n.
3
Let i be (1*2)/8 + 132102/72. Suppose -4*s + 469 + i = 0. What is the highest common factor of 18 and s?
18
Suppose -1250 = -8*o + 2254. What is the greatest common factor of o and 30441?
219
Suppose 5*y - 2*y + 2*s = 660, -3*y + s + 660 = 0. Suppose 0 = -4*q - q + y. Calculate the greatest common divisor of q and 396.
44
Suppose k + 29381 = 4*n, -5*n + 3*k + 22130 = -14605. What is the greatest common divisor of 45 and n?
9
Let l be 278735/30 - (-8 + (-392)/(-48)). Calculate the greatest common divisor of l and 171.
57
Suppose 5*h + 1433 = 158. Let w = 849 + h. Suppose 2*r - 3*f = 249, 2*f = -r - 4*r + w. What is the greatest common factor of 30 and r?
30
Suppose 141*m - 146901 = 86*m + 154224. Calculate the greatest common factor of m and 15.
15
Let s = 1922 - 2714. Let r be (27/6 + -3)/((-27)/s). What is the highest common divisor of 8 and r?
4
Suppose -6*x = -11 - 19. Suppose 3*m = k + 25, x*k - 4*m = -0*m - 158. Let p = k - -46. Calculate the greatest common divisor of 108 and p.
12
Suppose 4*u = 2*r + 7514, 0 = u + 9*r - 4*r - 1851. Calculate the greatest common factor of u and 402.
134
Suppose -2*c - 12 + 4 = 0, -56 = -2*n - c. Calculate the highest common factor of n and 1152.
6
Let d = -157 - -157. Let o be 1/((-1)/3) + d - -14. Calculate the greatest common divisor of o and 77.
11
Let v(u) be the second derivative of 69*u**5/10 - u**3/3 + u**2/2 + 9*u. Let t be v(1). Suppose -4*r + t = 41. What is the greatest common factor of 16 and r?
8
Let a = -43 + 42. Let m(o) = -91*o**3 - 2*o**2 - 5*o - 4. Let f be m(a). What is the highest common divisor of 24 and f?
6
Let p = 104 + -158. Let a = 56 + p. Suppose 3*z - 60 = 3*g, 0 = a*z - 4*z + 5*g + 28. Calculate the highest common factor of z and 24.
24
Let o(a) = -108*a - 155*a - 49 + 60*a + 132 - 70*a. Let f be o(-2). Calculate the highest common divisor of 17 and f.
17
Let b be -1 - (1060/(-40))/(1/964). What is the greatest common factor of b and 195?
195
Let c = 3918 - 3886. What is the highest common factor of 328 and c?
8
Let z be 69/(-1*3043/(-187) + -16). Suppose -345 = -7*h + 2*h. Calculate the greatest common divisor of z and h.
23
Suppose -847591 = -65*u - 98531. Calculate the greatest common factor of 172 and u.
172
Let v be 2313/15 - 1/5. Suppose -i + 53 = 17. Let q = i + -22. Calculate the highest common divisor of q and v.
14
Let c be -15*((-9)/378*242 - 6/(-14)). Calculate the greatest common divisor of 304 and c.
16
Suppose -154234 = -61*f - 12836. Calculate the greatest common factor of f and 244.
122
Suppose -2 = -2*m + 6. Let k be 2*2*(-495)/(-36). Suppose 5*v + k = 5*i, -10*i = -7*i + 2*v - 18. Calculate the greatest common divisor of i and m.
4
Suppose 49*h + 11700 = 443*h - 57644. What is the highest common divisor of 2528 and h?
16
Suppose p = -5*o + 95, 5*o + 69 = 8*o + 3*p. Let h(f) = f**2 + 7*f - 35. Let y be h(-14). Calculate the greatest common factor of y and o.
9
Let x(b) = -b**3 + 10*b**2 - 18*b. Let v be x(7). Calculate the highest common factor of v and 3801.
21
Suppose -85 = -2*g + 4*j + 53, 25 = -5*j. Let c(r) = -75*r + 188. Let p be c(-3). What is the highest common factor of g and p?
59
Let b = 74 - 59. Suppose 15*o - 20 = 70. What is the greatest common factor of b and o?
3
Let x be (-2 - 1)*(-8)/8. Suppose 0*g = g + x*i + 15, -g = i + 13. Let t be 30/g*(-52)/5. Calculate the greatest common factor of 13 and t.
13
Let k be 18 + (52/4 - 27). Calculate the highest common divisor of k and 218.
2
Let l(o) = o**3 + o**2 - 65*o - 205. Let c be l(-6). Calculate the greatest common divisor of 4240 and c.
5
Let l(u) = -u**3 - 12*u**2 - 18*u - 11. Let v be l(-12). Suppose 0 = 9*o - 13*o + 16, 3*n - v = -4*o. Calculate the greatest common divisor of n and 49.
7
Suppose -l = 2*l - 252. Let t = l + -12. Suppose 116*h = 118*h - 18. Calculate the greatest common divisor of t and h.
9
Let m(n) = n**3 - 26*n**2 - 1627*n - 238. Let k be m(-29). Let f = 66 - -26. What is the greatest common factor of f and k?
46
Suppose -328 = -4*w - 37*w. Calculate the highest common divisor of w and 1448.
8
Let j(z) = 141*z**2 + z + 3. Let g be j(2). Suppose -19*r + 75 - g = 0. Let n be r/(-8)*(-4 + 0)*-1. What is the greatest common factor of n and 104?
13
Let l be 165/((-5)/320*-6). Let f be (-7)/((-28)/l) + 1. Calculate the highest common divisor of 49 and f.
49
Suppose -30*n = -27*n - 573. Suppose -3*w = -n - 259. Let i = -133 + w. Calculate the greatest common factor of 34 and i.
17
Let a(o) = 46*o**2 - 22*o + 37*o**2 - 80*o**2 - 12. Let c be a(8). Calculate the highest common divisor of 20 and c.
4
Let h = 3755 - -5943. What is the greatest common factor of 26 and h?
26
Suppose 1674*s = 1623*s + 19074. Calculate the highest common divisor of s and 68.
34
Let d be 4/10 - (-2514)/15. Suppose 0 = -b + 4*q + 54, -2*b - 2*q - 132 = -5*b. Calculate the highest common divisor of d and b.
42
Suppose -70*p + 4838 - 1058 = 0. What is the greatest common divisor of 186 and p?
6
Let i be 4 + (-6 - 2) - -44. Suppose -2*m = -4*s - 0*m + i, 4*s + m = 52. Let b be s*-1*1*(-2)/3. What is the highest common factor of 64 and b?
8
Let j(b) = 270*b + 1270. Let a be j(50). What is the highest common factor of a and 14?
14
Let o be ((15/6)/5)/(6/708). Suppose -3*c = -0 - 3, 2*t = -4*c + 122. Calculate the highest common factor of t and o.
59
Let x(s) = -s**2 + 14*s + 16. Let r be 1/((-68)/14 - -5). Let w be x(r). What is the greatest common factor of w and 5?
5
Let u = 30 + -24. Suppose 873 + 873 = u*m. Let c be 5/(-40) - m/(-24). Calculate the highest common divisor of c and 132.
12
Let j = -3549 + 7129. What is the highest common divisor of j and 20?
20
Let y be 2551 - 189 - 12/2. What is the greatest common divisor of y and 1520?
76
Suppose k + 4*k = 3*b + 53, b = -k + 17. Let s = -1 + 13. Let i(m) = -m**2 + 16*m - 9. Let f be i(s). Calculate the highest common factor of k and f.
13
Let x be 35 + (256/28 + -8)*-7. Calculate the highest common factor of 1107 and x.
27
Let f = -741 + 743. Let v be (-7248)/(-80) + 3/15*f. What is the greatest common factor of 49 and v?
7
Let j(i) = -104*i - 222. Let t be j(-3). Calculate the greatest common divisor of 740 and t.
10
Let t be (-46)/11 - -8*2/88. Let a(m) = 2*m**2 + m - 15. Let q be a(t). Calculate the greatest common factor of q and 377.
13
Suppose 3*c = -15, -4*u + 4*c - 20 = -124. What is the greatest common divisor of 5355 and u?
21
Let f be (-216240)/(-595) - 9/21. What is the highest common divisor of 55 and f?
11
Let v be ((-16)/(-5))/(1/20). Suppose 0 = 2*y - 177 - 27. Suppose -10*l = 22 - y. Calculate the highest common divisor of l and v.
8
Let c be 38188*(-16)/(-384) - (-8)/(-48). Calculate the greatest common divisor of 731 and c.
43
Suppose 0 = 2*w + 8, -14 = 91*z - 92*z - w. What is the greatest common divisor of 150 and z?
6
Let d(v) = 358*v + 234. Let z be d(7). Let h = z + -1557. What is the highest common divisor of 13 and h?
13
Let r = -19 + 35. Let s = -136 + 154. Let o = s - r. Calculate the highest common divisor of o and 2.
2
Suppose -3*g - 126 = -6. Let f be g/24*(-6)/5. Suppose o = -f*o + 30. Calculate the highest common factor of 160 and o.
10
Let u be 4 + (125 - (-27 - -11)). What is the highest common factor of u and 1653?
29
Suppose 0 = 39*c + 1270 - 2117 - 1805. Calculate the highest common divisor of c and 289.
17
Let w(d) = -3*d**2 + 9 + 950*d - 936*d + 2*d**2. Let p be w(14). Calculate the greatest common divisor of 81 and p.
9
Let c(k) = -2*k**3 + 39*k**2 + 15*k + 108. Let b be c(20). Calculate the highest common factor of b and 520.
8
Suppose 0 = -4*k - 3*o - 92, -20 + 0 = 5*o. Let g be (k/4)/(15/(-36)). What is the highest common factor of 33 and g?
3
Let y(b) = 672*b + 4068. Let v be y(-6). Calculate the highest common divisor of v and 13230.
